
List the prime factors of 447785.
5, 13, 83
List the prime factors of 4071.
3, 23, 59
List the prime factors of 491077.
683, 719
What are the prime factors of 5436571?
7, 137, 5669
List the prime factors of 7844721.
3, 181, 14447
What are the prime factors of 5066795?
5, 31, 97, 337
List the prime factors of 885404.
2, 13, 17027
List the prime factors of 7931956.
2, 1982989
List the prime factors of 285540.
2, 3, 5, 4759
List the prime factors of 580743.
3, 137, 157
List the prime factors of 748547.
37, 20231
List the prime factors of 968746.
2, 484373
List the prime factors of 4933910.
2, 5, 17, 29023
What are the prime factors of 204399?
3, 13, 1747
List the prime factors of 32872407.
3, 17, 644557
What are the prime factors of 9103234?
2, 7, 691, 941
What are the prime factors of 51084?
2, 3, 11, 43
What are the prime factors of 472487?
97, 4871
What are the prime factors of 7031217?
3, 17, 137867
What are the prime factors of 8971159?
1291, 6949
List the prime factors of 277048.
2, 34631
What are the prime factors of 264744?
2, 3, 3677
List the prime factors of 4134033.
3, 459337
List the prime factors of 1127657.
1127657
List the prime factors of 10609746.
2, 3, 7, 157, 1609
List the prime factors of 5024094.
2, 3, 19, 44071
List the prime factors of 37375.
5, 13, 23
What are the prime factors of 448782?
2, 3, 74797
List the prime factors of 379696.
2, 19, 1249
What are the prime factors of 1074338?
2, 537169
What are the prime factors of 162567?
3, 223
List the prime factors of 137329.
191, 719
List the prime factors of 49029.
3, 59, 277
What are the prime factors of 4746025?
5, 229, 829
List the prime factors of 2465490.
2, 3, 5, 82183
What are the prime factors of 792638?
2, 7, 11, 5147
What are the prime factors of 6055859?
17, 101, 3527
What are the prime factors of 396795?
3, 5, 7, 3779
List the prime factors of 1445199.
3, 7, 68819
List the prime factors of 290088.
2, 3, 17, 79
What are the prime factors of 1247652?
2, 3, 7, 4951
List the prime factors of 564709.
564709
What are the prime factors of 4219416?
2, 3, 58603
List the prime factors of 37984047.
3, 839, 15091
What are the prime factors of 23203272?
2, 3, 966803
List the prime factors of 8138563.
17, 478739
What are the prime factors of 1997573?
23, 86851
What are the prime factors of 1151988?
2, 3, 17, 5647
List the prime factors of 38017.
7, 5431
What are the prime factors of 21010112?
2, 328283
List the prime factors of 1651459.
109, 139
What are the prime factors of 2515070?
2, 5, 43, 5849
What are the prime factors of 3621585?
3, 5, 11, 47, 467
List the prime factors of 1475924.
2, 197, 1873
What are the prime factors of 275574?
2, 3, 13, 3533
What are the prime factors of 279526?
2, 13, 827
List the prime factors of 19716.
2, 3, 31, 53
List the prime factors of 2206827.
3, 7, 23, 1523
What are the prime factors of 117747?
3, 7, 89
What are the prime factors of 763165?
5, 13, 59, 199
What are the prime factors of 1474105?
5, 294821
List the prime factors of 7761147.
3, 2587049
List the prime factors of 9984307.
97, 102931
What are the prime factors of 14539684?
2, 191, 19031
What are the prime factors of 1172231?
41, 28591
List the prime factors of 338744.
2, 7, 23, 263
What are the prime factors of 1456618?
2, 197, 3697
List the prime factors of 2418676.
2, 13, 193, 241
What are the prime factors of 180077?
180077
What are the prime factors of 7096786?
2, 17, 208729
List the prime factors of 10497420.
2, 3, 5, 29, 2011
What are the prime factors of 794425?
5, 43, 739
List the prime factors of 3778240.
2, 5, 11807
What are the prime factors of 2143112?
2, 79, 3391
What are the prime factors of 3901140?
2, 3, 5, 21673
What are the prime factors of 322878?
2, 3, 53813
List the prime factors of 1822492.
2, 7, 65089
List the prime factors of 359187.
3, 67, 1787
What are the prime factors of 481461?
3, 31, 167
What are the prime factors of 892653?
3, 17, 23, 761
List the prime factors of 5680610.
2, 5, 13, 37, 1181
What are the prime factors of 13556140?
2, 5, 13, 17, 3067
List the prime factors of 4564316.
2, 31, 36809
List the prime factors of 296796.
2, 3, 24733
List the prime factors of 12650824.
2, 107, 14779
What are the prime factors of 4315632?
2, 3, 89909
List the prime factors of 995940.
2, 3, 5, 11, 503
List the prime factors of 56516.
2, 71, 199
What are the prime factors of 7544486?
2, 3772243
List the prime factors of 43514.
2, 21757
List the prime factors of 145180.
2, 5, 7, 17, 61
What are the prime factors of 1472601?
3, 13, 61, 619
What are the prime factors of 630867?
3, 23, 41, 223
What are the prime factors of 4255219?
17, 250307
List the prime factors of 2290586.
2, 1145293
What are the prime factors of 5171780?
2, 5, 23, 11243
List the prime factors of 674139.
3, 19, 11827
List the prime factors of 1039709.
11, 31, 3049
List the prime factors of 10484498.
2, 5242249
List the prime factors of 46949.
7, 19, 353
List the prime factors of 163112.
2, 20389
List the prime factors of 338187.
3, 139, 811
List the prime factors of 87700.
2, 5, 877
List the prime factors of 338619.
3, 41, 2753
What are the prime factors of 36164?
2, 9041
What are the prime factors of 6758012?
2, 1689503
List the prime factors of 163253.
59, 2767
List the prime factors of 687826.
2, 343913
What are the prime factors of 630062?
2, 23, 13697
What are the prime factors of 14919485?
5, 7, 29, 14699
List the prime factors of 4784772.
2, 3, 398731
What are the prime factors of 347172?
2, 3, 7, 4133
What are the prime factors of 8225403?
3, 2741801
What are the prime factors of 1001490?
2, 3, 5, 7, 19, 251
What are the prime factors of 35309942?
2, 19, 929209
List the prime factors of 295946.
2, 7, 21139
List the prime factors of 5449584.
2, 3, 7, 331
List the prime factors of 894413.
13, 107, 643
List the prime factors of 412949.
412949
What are the prime factors of 75100?
2, 5, 751
List the prime factors of 35658.
2, 3, 7, 283
What are the prime factors of 7043459?
7043459
List the prime factors of 693904.
2, 31, 1399
List the prime factors of 103566.
2, 3, 41, 421
List the prime factors of 1685390.
2, 5, 7, 24077
What are the prime factors of 54519?
3, 17, 1069
What are the prime factors of 1167067?
11, 17, 79
What are the prime factors of 2386805?
5, 477361
List the prime factors of 436049.
269, 1621
What are the prime factors of 640094?
2, 7, 13, 3517
List the prime factors of 19902131.
19902131
What are the prime factors of 5131245?
3, 5, 7, 48869
What are the prime factors of 6402691?
1021, 6271
List the prime factors of 1466700.
2, 3, 5, 4889
What are the prime factors of 106412?
2, 37, 719
List the prime factors of 308107.
308107
What are the prime factors of 3320712?
2, 3, 17, 2713
List the prime factors of 9827198.
2, 4913599
List the prime factors of 754916.
2, 188729
What are the prime factors of 389825?
5, 31, 503
What are the prime factors of 2042947?
181, 11287
List the prime factors of 473984.
2, 7, 23
List the prime factors of 5513472.
2, 3, 2393
List the prime factors of 436485.
3, 5, 7, 4157
What are the prime factors of 8895126?
2, 3, 47, 31543
List the prime factors of 1031796.
2, 3, 28661
What are the prime factors of 1250711?
7, 11, 37, 439
List the prime factors of 116298.
2, 3, 7, 13, 71
List the prime factors of 3504715.
5, 43, 16301
List the prime factors of 4529975.
5, 181199
List the prime factors of 271635.
3, 5, 7, 13, 199
What are the prime factors of 3464139?
3, 7, 293, 563
What are the prime factors of 1000708?
2, 101, 2477
What are the prime factors of 1629227?
43, 37889
List the prime factors of 6075970.
2, 5, 17, 103, 347
What are the prime factors of 3218794?
2, 359, 4483
What are the prime factors of 366158?
2, 13, 14083
List the prime factors of 243279.
3, 27031
List the prime factors of 1613751.
3, 479, 1123
What are the prime factors of 2910632?
2, 363829
List the prime factors of 2007947.
59, 34033
What are the prime factors of 254373?
3, 7, 12113
What are the prime factors of 7445159?
7445159
List the prime factors of 29133.
3, 13, 83
What are the prime factors of 3324670?
2, 5, 332467
List the prime factors of 14144059.
14144059
What are the prime factors of 26972620?
2, 5, 181, 7451
List the prime factors of 492619.
492619
What are 